18*p**2 + 3*p + 1. Let u be -5 + (6/12)/((1 - 6)/(-70)). What is the units digit of d(u)?
5
Suppose 5*c + 220 = 5*q, 3*q - 3*c = -c + 134. Suppose -5*i + q = -4. Let h(n) = n + 13. What is the tens digit of h(i)?
2
Let b(x) = 336*x - 22. Let n be b(7). Suppose -182 + n = 4*z. What is the tens digit of z?
3
Let n(v) = v**2 + 24*v - 50. Let d be n(2). Suppose 0 = d*m - 186. What is the tens digit of m?
9
Suppose 0*k - 4*k - 9117 = -5*c, -4*c = -4*k - 7296. Suppose 2*u = -3*u - 3*r + 3019, 3*u - c = 3*r. What is the tens digit of u?
0
Let n be 10507 + ((-8)/(-2))/4. Suppose 3319 = 11*x - n. What is the tens digit of x?
5
Let u = 10724 - 2800. What is the tens digit of u?
2
Let l = 13992 + 10649. What is the hundreds digit of l?
6
Suppose -4*r + 50469 = l - r, -2*l = -5*r - 100993. What is the ten thousands digit of l?
5
Let i(p) = 17*p. Let m be i(5). Suppose 2*q - 521 = -2*k + m, -q - 4 = 0. What is the units digit of k?
7
Let u(l) = 2*l + 17. Let s be u(-7). What is the units digit of ((-350)/(-3))/(1/s)?
0
Let k(n) = -n**3 - 10*n**2 - 22*n - 10. Let m be k(-4). Let p(j) = -38*j - 168. What is the tens digit of p(m)?
1
Suppose 550*k + 1322414 = 602*k - 1165994. What is the units digit of k?
4
Suppose 0 = 3*w + 12, -13*l - 1852 = -18*l - 2*w. Let b = 339 + l. What is the hundreds digit of b?
7
What is the tens digit of (6/(-9))/(52/(-317148))?
6
Suppose 44*r = 27*r + 33898. Suppose 8*a - r - 2982 = 0. What is the hundreds digit of a?
6
Let f(b) be the first derivative of 21*b**2/2 - 122*b + 84. What is the units digit of f(9)?
7
Let i(t) = -340*t - 1156. What is the units digit of i(-26)?
4
Let p(b) = -2*b - 1. Let m be p(0). Let n be (m/((-15)/18))/((-8)/(-20)). Suppose -25 = -h + y, -2*h + 4*h = n*y + 52. What is the units digit of h?
3
Suppose -5*n + 66 = 4*p, -66 + 16 = -3*n - 5*p. What is the units digit of (8/20 - (-6)/n) + 319?
0
Let x(i) = -i**3 - 84*i**2 + 147*i - 1164. What is the units digit of x(-87)?
4
Suppose 0 = -5*a + o + 32480, 57*a = 58*a + o - 6502. What is the thousands digit of a?
6
Let g = 51130 - 18867. What is the hundreds digit of g?
2
Suppose -7*i + 11996 = -4020. Suppose 0 = -4*z + 4*v + 429 + 1859, v = 4*z - i. What is the hundreds digit of z?
5
Let v(q) = 31*q**2 + 2*q + 22. Suppose z - 5*z + 44 = 4*x, -4*x + 20 = -2*z. What is the tens digit of v(x)?
5
Let d(c) = 1753*c**3 + 7*c**2 - 48*c + 85. What is the tens digit of d(2)?
4
Suppose -13*v = -578789 + 17388 - 37158. What is the ten thousands digit of v?
4
Let t(c) = 307*c - 2230. What is the tens digit of t(48)?
0
Suppose -357864 = -41*y + 10*y. Suppose 52*t = 65*t - y. What is the hundreds digit of t?
8
Let m(q) = -3*q**3 - 7*q**2 + 5*q - 6. Let u be m(4). Let o = -151 - u. What is the tens digit of o?
3
Suppose 3*g + 4*x - 69 = 0, -5*g - 8 + 123 = 3*x. What is the tens digit of (-34)/3*(-552)/g?
7
Suppose 6*v - 13528 = 3050. Suppose 1098 = 2*t - 4*k, 15*t + 4*k + v = 20*t. What is the hundreds digit of t?
5
Let m be 38304/(-80) + (-1)/5. Let b = m - -937. What is the hundreds digit of b?
4
Let j = 46 + -33. Let y = j - 10. Suppose 5*i + 354 = 2*m, y*m - 19*i + 14*i = 541. What is the units digit of m?
7
Suppose -t - 4*t + 25 = 0. Let d be 150/35 + (-2)/14*2. Suppose -d*j - 46 = -t*j. What is the tens digit of j?
4
Suppose -27297 + 365231 - 63864 = 10*f. What is the thousands digit of f?
7
Let m(p) = 97*p + 2392. What is the tens digit of m(58)?
1
Let z(g) = -g**3 + 2*g**2 + g + 1. Let d(t) = 225*t**3 - 8*t**2 - 8*t + 6. Let y(x) = d(x) + 3*z(x). What is the tens digit of y(2)?
6
Suppose -3*u = 6, -21*v = -17*v + 4*u - 20176. What is the units digit of v?
6
Suppose 11*w - 396 = 23*w. Let x = 316 + w. What is the units digit of x?
3
Suppose 3*q - 13 = u - 60, u - 62 = -2*q. Suppose 2*n = 14 + u. Suppose -n + 7 = -4*s. What is the units digit of s?
7
Let o(k) = -12*k - 86. Let u be o(-17). Suppose 0 = -5*q - u + 108. Let n(f) = -11*f - 8. What is the tens digit of n(q)?
1
Suppose -3*n - 21 = 30. Let h = n - -19. Suppose h*j + j - k = 307, 2*j - 205 = k. What is the units digit of j?
2
Suppose -9*k - k = -131094 - 93996. What is the hundreds digit of k?
5
Suppose 3*a - 111773 = -5*t, -4*a = 4*t + a - 89395. What is the units digit of t?
0
Suppose 0 = -36*o - 3762 - 11934. Let z = o + 859. What is the tens digit of z?
2
Suppose 0 = -194*t + 208*t - 614572. What is the units digit of t?
8
Suppose -2*g = 4, 2*y + 2*y - 8 = -4*g. Suppose y*o + 7 = -21. What is the tens digit of (-526)/(-8) + o/(-28)?
6
Let u be 24*-1 + -1*2. Let c = u + -112. Let n = -81 - c. What is the units digit of n?
7
Let k(m) = 2*m**3 - 5*m**2 - 3 + 3 + 2*m**2 + 1. Let x(i) = i**3 - 14*i**2 + i - 11. Let n be x(14). What is the tens digit of k(n)?
2
Suppose -67*o + 198784 - 163706 = -651136. What is the hundreds digit of o?
2
What is the hundreds digit of 30/(-25)*(-8 + 91553/(-14))?
8
Let i = 167 - 166. What is the hundreds digit of i + -5 + 628*(-2)/(-4)?
3
Let d(m) = -25 - 29 - m**2 + 15 - 33*m. Let t be d(-27). Suppose -s = r - t, -528 = r - 5*r + 5*s. What is the hundreds digit of r?
1
Suppose -13037 = -9*r + 21132 + 119884. What is the tens digit of r?
1
What is the tens digit of (33/99)/((-2)/(-9) + (-10118)/45558)?
3
Let l(z) be the third derivative of 71*z**4/24 + 6*z**3 + 44*z**2. What is the tens digit of l(4)?
2
Suppose -93*n = -153*n + 484440. What is the thousands digit of n?
8
Let f(t) = t**3 + 3*t**2 + 7*t + 13. Let p be f(-2). Suppose -m = p, 3*m + 5724 = 42*w - 37*w. What is the units digit of w?
3
What is the units digit of ((-3)/(-15) - (-434)/(-620))*-29578?
9
Suppose -41*u - 268872 = -451850 - 693479. What is the ten thousands digit of u?
2
Let r(b) = 32*b - 41. Let m be r(6). Suppose g + 2*v - m = 4*v, 2*v = 0. What is the hundreds digit of g?
1
Let o be (-1088 - -6) + 3*-1. Let v be 4 + o/5 + 0. Let d = -46 - v. What is the units digit of d?
7
Let f be ((-1334)/69)/(0 + (-1)/93). Let s = -1052 + f. What is the units digit of s?
6
Let z(k) be the first derivative of 6*k**3 - 8*k**2 - 58*k - 61. What is the units digit of z(-6)?
6
Suppose -2*n = 8*n - 410. Suppose 0 = -45*r + n*r + 1316. What is the units digit of r?
9
Let w = -45082 + 101463. What is the units digit of w?
1
Let x(y) = 1734*y**2 - 56*y - 254. What is the thousands digit of x(-5)?
3
Suppose -8*s + 5*s - 3*t + 192 = 0, 3*t = -5*s + 324. What is the hundreds digit of (-3)/(s/4) + 366849/297?
2
Suppose 0 = 2*l - 2*y + y + 96, 3*l = y - 146. Let j = 88 + l. Let t = 6 + j. What is the tens digit of t?
4
Suppose -112003 + 281940 + 183178 = 45*f. What is the units digit of f?
7
Let r(j) = 360*j + 421. What is the ten thousands digit of r(33)?
1
Suppose -76*f + 2695705 - 226065 = -1188316. What is the units digit of f?
1
Let s = 159 - 155. Suppose 5*a = -s*q + 2446, 2*a + 4*q - 988 = -0*a. What is the tens digit of a?
8
Suppose 4*k + 2*p - 12 = 0, 3*k = 2*k + 2*p + 13. Suppose -k*d - 539 = -l, -725 = 3*l - d - 2328. What is the units digit of l?
4
What is the tens digit of (-26856)/(-2) - ((-8)/(-5) + 1495/(-575))?
2
Let u(x) = 161*x**2 + 4*x - 3. Let l be u(2). Let b = l + -462. Let p = 359 - b. What is the hundreds digit of p?
1
Suppose 18*f + 4460 = 2570. Suppose 630 = -5*b - 190. Let y = f - b. What is the units digit of y?
9
Suppose 3*g = 5*y, y = -g - 2 + 10. Suppose 5*n = 23 - y. What is the units digit of (n - 88/7)/(4/(-70))?
0
Suppose -3*t - 5*m + 5228 = 0, 5*m = 5*t - 4*t - 1756. Suppose 5*s + 213 = -4*z + t, -5*z = -2*s + 633. What is the units digit of s?
9
Let b(m) = m**2 + 2*m + 3. Let j be b(-2). Suppose 0 = -j*q + 4*d - 406, -4*d - 393 - 139 = 4*q. Let p = q - -211. What is the tens digit of p?
7
Suppose -36*d = -201051 - 404577. What is the units digit of d?
3
Let c(t) = 3*t**3 + 7*t - 12*t**2 - 14 + t**3 - 3*t**3 + 6. Suppose 2*o = 5*y + 49, -y + 4 = 2*o + 3*y. What is the tens digit of c(o)?
7
Let c(l) = -l - 10. Let r be c(-22). Suppose -4*i = r*i - 48. Suppose 227 = 5*n + v, i*n + n + 5*v = 169. What is the tens digit of n?
4
Suppose 9*j - 66905 = -12284. What is the hundreds digit of j?
0
Let y(v) = -3*v**2 + 11*v - 63. Let q(m) = -m**2 + 6*m - 31. Let z(r) = 5*q(r) - 2*y(r). Let g be z(-12). Suppose -35 - g = -x. What is the units digit of x?
4
Suppose 8 = -3*q + 23, 3*a - 23993 = -4*q. W